{"id":12,"date":"2020-01-15T14:57:39","date_gmt":"2020-01-15T14:57:39","guid":{"rendered":"https:\/\/shop.iconikair.com\/index.php\/agb\/"},"modified":"2024-01-15T10:12:54","modified_gmt":"2024-01-15T10:12:54","slug":"agb","status":"publish","type":"page","link":"https:\/\/shop.iconikair.com\/index.php\/agb\/","title":{"rendered":"AGB"},"content":{"rendered":"\n<h1 class=\"wp-block-heading\">Allgemeine Gesch\u00e4ftsbedingungen<\/h1>\n\n\n\n<h3 class=\"wp-block-heading\">\u00a7 1 Geltung, Begriffsdefinitionen<\/h3>\n\n\n\n<p>(1) NEXTING GmbH, Blumenstra\u00dfe 36, 22301 Hamburg,   Deutschland (im Folgenden: \u201ewir\u201c oder \u201eICONIKAIR!\u201c)  betreibt  unter  der Webseite https:\/\/shop.iconikair.com einen Online-Shop f\u00fcr  Waren.  Die  nachfolgenden allgemeinen Gesch\u00e4ftsbedingungen gelten f\u00fcr  alle   Leistungen zwischen uns und unseren Kunden (im Folgenden: \u201eKunde\u201c  oder   \u201eSie\u201c) in ihrer zum Zeitpunkt der Bestellung g\u00fcltigen Fassung,  soweit   nicht etwas anderes ausdr\u00fccklich vereinbart wurde.<\/p>\n\n\n\n<p>(2) \u201eVerbraucher\u201c im Sinne dieser Gesch\u00e4ftsbedingungen ist jede \nnat\u00fcrliche Person, die ein Rechtsgesch\u00e4ft zu Zwecken abschlie\u00dft, die \n\u00fcberwiegend weder ihrer gewerblichen noch ihrer selbst\u00e4ndigen \nberuflichen T\u00e4tigkeit zugerechnet werden k\u00f6nnen. \u201eUnternehmer\u201c ist eine \nnat\u00fcrliche oder juristische Person oder eine rechtsf\u00e4hige \nPersonengesellschaft, die bei Abschluss eines Rechtsgesch\u00e4fts in \nAus\u00fcbung ihrer gewerblichen oder selbst\u00e4ndigen beruflichen T\u00e4tigkeit \nhandelt, wobei eine rechtsf\u00e4hige Personengesellschaft eine \nPersonengesellschaft ist, die mit der F\u00e4higkeit ausgestattet ist, Rechte\n zu erwerben und Verbindlichkeiten einzugehen.<\/p>\n\n\n\n<h3 class=\"wp-block-heading\">\u00a7 2 Zustandekommen der Vertr\u00e4ge, Speicherung des Vertragstextes<\/h3>\n\n\n\n<p>(1) Die folgenden Regelungen \u00fcber den Vertragsabschluss gelten f\u00fcr  Bestellungen \u00fcber unseren Online-Shop unter https:\/\/shop.iconikair.com.<\/p>\n\n\n\n<p>(2) Unsere Produktdarstellungen im Internet sind unverbindlich und kein verbindliches Angebot zum Abschluss eines Vertrages.<\/p>\n\n\n\n<p>(3) Bei Eingang einer Bestellung in unserem Online-Shop gelten \nfolgende Regelungen: Der Kunde gibt ein bindendes Vertragsangebot ab, \nindem er die in unserem Online-Shop vorgesehene Bestellprozedur \nerfolgreich durchl\u00e4uft. Die Bestellung erfolgt in folgenden Schritten:<\/p>\n\n\n\n<ol class=\"wp-block-list\">\n<li>Auswahl der gew\u00fcnschten Ware,<\/li>\n\n\n\n<li>Hinzuf\u00fcgen der Produkte durch Anklicken des entsprechenden Buttons (z.B. \u201eIn den Warenkorb\u201c, \u201eIn die Einkaufstasche\u201c o.\u00e4.),<\/li>\n\n\n\n<li>Pr\u00fcfung der Angaben im Warenkorb,<\/li>\n\n\n\n<li>Aufrufen der Bestell\u00fcbersicht durch Anklicken des entsprechenden \nButtons (z.B. \u201eWeiter zur Kasse\u201c, \u201eWeiter zur Zahlung\u201c, \u201eZur \nBestell\u00fcbersicht\u201c o.\u00e4.),<\/li>\n\n\n\n<li>Eingabe\/Pr\u00fcfung der Adress- und Kontaktdaten, Auswahl der Zahlungsart, Best\u00e4tigung der AGB und Widerrufsbelehrung,<\/li>\n\n\n\n<li>Abschluss der Bestellung durch Bet\u00e4tigung des Buttons \u201eJetzt kaufen\u201c. Dies stellt Ihre verbindliche Bestellung dar.<\/li>\n\n\n\n<li>Der Vertrag kommt zustande, indem Ihnen innerhalb von drei Werktagen\n an die angegebene E-Mail-Adresse eine Bestellbest\u00e4tigung von uns \nzugeht.<\/li>\n<\/ol>\n\n\n\n<p>(4) Im Falle des Vertragsschlusses kommt der Vertrag mit\u00a0NEXTING GmbH, Blumenstra\u00dfe 36, 22301 Hamburg, Deutschland  zustande.<\/p>\n\n\n\n<p>(5) Vor der Bestellung k\u00f6nnen die Vertragsdaten \u00fcber die \nDruckfunktion des Browsers ausgedruckt oder elektronisch gesichert \nwerden. Die Abwicklung der Bestellung und \u00dcbermittlung aller im \nZusammenhang mit dem Vertragsschluss erforderlichen Informationen, \ninsbesondere der Bestelldaten, der AGB und der Widerrufsbelehrung, \nerfolgt per E-Mail nach dem Ausl\u00f6sen der Bestellung durch Sie, zum Teil \nautomatisiert. Wir speichern den Vertragstext nach Vertragsschluss \nnicht.<\/p>\n\n\n\n<p>(6) Eingabefehler k\u00f6nnen mittels der \u00fcblichen Tastatur-, Maus- und \nBrowser-Funktionen (z.B. \u00bbZur\u00fcck-Button\u00ab des Browsers) berichtigt \nwerden. Sie k\u00f6nnen auch dadurch berichtigt werden, dass Sie den \nBestellvorgang vorzeitig abbrechen, das Browserfenster schlie\u00dfen und den\n Vorgang wiederholen.<\/p>\n\n\n\n<p>(7) Die Abwicklung der Bestellung und \u00dcbermittlung aller im \nZusammenhang mit dem Vertragsschluss erforderlichen Informationen \nerfolgt per E-Mail zum Teil automatisiert. Sie haben deshalb \nsicherzustellen, dass die von Ihnen bei uns hinterlegte E-Mail-Adresse \nzutreffend ist, der Empfang der E-Mails technisch sichergestellt und \ninsbesondere nicht durch SPAM-Filter verhindert wird.<\/p>\n\n\n\n<h3 class=\"wp-block-heading\">\u00a7 3 Gegenstand des Vertrages und wesentliche Merkmale der Produkte<\/h3>\n\n\n\n<p>(1) Bei unserem Online-Shop ist Vertragsgegenstand:<\/p>\n\n\n\n<ol class=\"wp-block-list\">\n<li>Der Verkauf von Waren. Die konkret angebotenen Waren k\u00f6nnen Sie unseren Artikelseiten entnehmen.<\/li>\n<\/ol>\n\n\n\n<p>(2) Die wesentlichen Merkmale der Ware finden sich in der Artikelbeschreibung.<\/p>\n\n\n\n<p>(3) F\u00fcr den Verkauf digitaler Produkte gelten die aus der \nProduktbeschreibung ersichtlichen oder sich sonst aus den Umst\u00e4nden \nergebenden Beschr\u00e4nkungen, insbesondere zu Hard- und\/oder \nSoftwareanforderungen an die Zielumgebung. Wenn nicht ausdr\u00fccklich etwas\n anderes vereinbart ist, ist Vertragsgegenstand nur die&nbsp;private und \ngewerbliche Nutzung der Produkte ohne das Recht zur Weiterver\u00e4u\u00dferung \noder Unterlizensierung.<\/p>\n\n\n\n<h3 class=\"wp-block-heading\">\u00a7 4 Preise, Versandkosten und Lieferung<\/h3>\n\n\n\n<p>(1) Die in den jeweiligen Angeboten angef\u00fchrten Preise sowie die \nVersandkosten sind Gesamtpreise und beinhalten alle Preisbestandteile \neinschlie\u00dflich aller anfallenden Steuern.<\/p>\n\n\n\n<p>(2) Der jeweilige Kaufpreis ist vor der Lieferung des Produktes zu \nleisten (Vorkasse), es sei denn, wir bieten ausdr\u00fccklich den Kauf auf \nRechnung an. Die Ihnen zur Verf\u00fcgung stehenden Zahlungsarten sind unter \neiner entsprechend bezeichneten Schaltfl\u00e4che im Online-Shop oder im \njeweiligen Angebot ausgewiesen. Soweit bei den einzelnen Zahlungsarten \nnicht anders angegeben, sind die Zahlungsanspr\u00fcche sofort zur Zahlung \nf\u00e4llig.<\/p>\n\n\n\n<p>(3) Zus\u00e4tzlich zu den angegebenen Preisen k\u00f6nnen f\u00fcr die Lieferung \nvon Produkten Versandkosten anfallen, sofern der jeweilige Artikel nicht\n als versandkostenfrei ausgewiesen ist. Die Versandkosten werden Ihnen \nauf den Angeboten, ggf. im Warenkorbsystem und auf der Bestell\u00fcbersicht \nnochmals deutlich mitgeteilt.<\/p>\n\n\n\n<p>(4) Alle angebotenen Produkte sind, sofern nicht in der \nProduktbeschreibung deutlich anders angegeben, sofort versandfertig \n(Lieferzeit: 1-3 Werktage nach dem Eingang der Zahlung).<\/p>\n\n\n\n<p>(5) Es bestehen die folgenden Liefergebietsbeschr\u00e4nkungen: Die Lieferung erfolgt in folgende L\u00e4nder: Deutschland.<\/p>\n\n\n\n<h3 class=\"wp-block-heading\">\u00a7 5 Zur\u00fcckbehaltungsrecht, Eigentumsvorbehalt<\/h3>\n\n\n\n<p>(1) Ein Zur\u00fcckbehaltungsrecht k\u00f6nnen Sie nur aus\u00fcben, soweit es sich um Forderungen aus demselben Vertragsverh\u00e4ltnis handelt.<\/p>\n\n\n\n<p>(2) Die Ware bleibt bis zur vollst\u00e4ndigen Zahlung des Kaufpreises unser Eigentum.<\/p>\n\n\n\n<h3 class=\"wp-block-heading\">\u00a7 6 Widerrufsrecht<\/h3>\n\n\n\n<p>Als Verbraucher haben Sie ein Widerrufsrecht. Dieses richtet sich nach unserer <a href=\"https:\/\/mrmrsskin.com\/?page_id=51\">Widerrufsbelehrung<\/a>.<\/p>\n\n\n\n<h3 class=\"wp-block-heading\">\u00a7 7 Haftung<\/h3>\n\n\n\n<p>(1) Vorbehaltlich der nachfolgenden Ausnahmen ist unsere Haftung f\u00fcr \nvertragliche Pflichtverletzungen sowie aus unerlaubter Handlung auf \nVorsatz oder grobe Fahrl\u00e4ssigkeit beschr\u00e4nkt.<\/p>\n\n\n\n<p>(2) Wir haften bei leichter Fahrl\u00e4ssigkeit im Falle der Verletzung \ndes Lebens, des K\u00f6rpers, der Gesundheit oder bei Verletzung einer \nvertragswesentlichen Pflicht unbeschr\u00e4nkt. Wenn wir durch leichte \nFahrl\u00e4ssigkeit mit der Leistung in Verzug geraten sind, wenn die \nLeistung unm\u00f6glich geworden ist oder wenn wir eine vertragswesentliche \nPflicht verletzt haben, ist die Haftung f\u00fcr darauf zur\u00fcckzuf\u00fchrende \nSach- und Verm\u00f6genssch\u00e4den auf den <strong>vertragstypisch vorhersehbaren Schaden<\/strong>\n begrenzt. Eine vertragswesentliche Pflicht ist eine solche, deren \nErf\u00fcllung die ordnungsgem\u00e4\u00dfe Durchf\u00fchrung des Vertrages \u00fcberhaupt erst \nerm\u00f6glicht, deren Verletzung die Erreichung des Vertragszwecks gef\u00e4hrdet\n und auf deren Einhaltung Sie regelm\u00e4\u00dfig vertrauen d\u00fcrfen. Dazu geh\u00f6rt \ninsbesondere unsere Pflicht zum T\u00e4tigwerden und der Erf\u00fcllung der \nvertraglich geschuldeten Leistung, die in \u00a7 3 beschrieben wird.<\/p>\n\n\n\n<h3 class=\"wp-block-heading\">\u00a7 8 Vertragssprache<\/h3>\n\n\n\n<p>Als Vertragssprache steht ausschlie\u00dflich Deutsch zur Verf\u00fcgung.<\/p>\n\n\n\n<h3 class=\"wp-block-heading\">\u00a7 9&nbsp;Gew\u00e4hrleistung<\/h3>\n\n\n\n<p>(1) Die Gew\u00e4hrleistung richtet sich nach den gesetzlichen Bestimmungen.<\/p>\n\n\n\n<p>(2) Gegen\u00fcber Unternehmern betr\u00e4gt die Gew\u00e4hrleistungsfrist auf gelieferte Sachen 12 Monate.<\/p>\n\n\n\n<p>(3) Als Verbraucher werden Sie gebeten, die Sache\/die digitalen G\u00fcter\n oder die erbrachte Dienstleistung bei Vertragserf\u00fcllung umgehend auf \nVollst\u00e4ndigkeit, offensichtliche M\u00e4ngel und Transportsch\u00e4den zu \n\u00fcberpr\u00fcfen und uns sowie dem Spediteur Beanstandungen schnellstm\u00f6glich \nmitzuteilen. Kommen Sie dem nicht nach, hat dies nat\u00fcrlich keine \nAuswirkung auf Ihre gesetzlichen Gew\u00e4hrleistungsanspr\u00fcche.<\/p>\n\n\n\n<h3 class=\"wp-block-heading\">\u00a7 10&nbsp;Schlussbestimmungen<\/h3>\n\n\n\n<p>(1) Es gilt deutsches Recht. Bei Verbrauchern gilt diese Rechtswahl \nnur, soweit hierdurch der durch zwingende Bestimmungen des Rechts des \nStaates des gew\u00f6hnlichen Aufenthaltes des Verbrauchers gew\u00e4hrte Schutz \nnicht entzogen wird (G\u00fcnstigkeitsprinzip).<\/p>\n\n\n\n<p>(2) Die Bestimmungen des UN-Kaufrechts finden ausdr\u00fccklich keine Anwendung.<\/p>\n\n\n\n<p>(3) Sofern es sich beim Kunden um einen Kaufmann, eine juristische \nPerson des \u00f6ffentlichen Rechts oder um ein \u00f6ffentlich-rechtliches \nSonderverm\u00f6gen handelt, ist Gerichtsstand f\u00fcr alle Streitigkeiten aus \nVertragsverh\u00e4ltnissen zwischen dem Kunden und dem Anbieter der Sitz des \nAnbieters.<\/p>\n","protected":false},"excerpt":{"rendered":"<p>Allgemeine Gesch\u00e4ftsbedingungen \u00a7 1 Geltung, Begriffsdefinitionen (1) NEXTING GmbH, Blumenstra\u00dfe 36, 22301 Hamburg, Deutschland (im Folgenden: \u201ewir\u201c oder \u201eICONIKAIR!\u201c) betreibt unter der Webseite https:\/\/shop.iconikair.com einen Online-Shop f\u00fcr Waren. Die nachfolgenden &#8230;<\/p>\n","protected":false},"author":1,"featured_media":0,"parent":0,"menu_order":0,"comment_status":"closed","ping_status":"closed","template":"","meta":{"footnotes":""},"class_list":["post-12","page","type-page","status-publish","hentry"],"yoast_head":"<!-- This site is optimized with the Yoast SEO plugin v27.5 - https:\/\/yoast.com\/product\/yoast-seo-wordpress\/ -->\n<title>AGB - ICONIKAIR!\u00ae - PATENTED KOREAN HAIR BRUSH REVOLUTION<\/title>\n<meta name=\"robots\" content=\"index, follow, max-snippet:-1, max-image-preview:large, max-video-preview:-1\" \/>\n<link rel=\"canonical\" href=\"https:\/\/shop.iconikair.com\/index.php\/agb\/\" \/>\n<meta property=\"og:locale\" content=\"de_DE\" \/>\n<meta property=\"og:type\" content=\"article\" \/>\n<meta property=\"og:title\" content=\"AGB - ICONIKAIR!\u00ae - PATENTED KOREAN HAIR BRUSH REVOLUTION\" \/>\n<meta property=\"og:description\" content=\"Allgemeine Gesch\u00e4ftsbedingungen \u00a7 1 Geltung, Begriffsdefinitionen (1) NEXTING GmbH, Blumenstra\u00dfe 36, 22301 Hamburg, Deutschland (im Folgenden: \u201ewir\u201c oder \u201eICONIKAIR!\u201c) betreibt unter der Webseite https:\/\/shop.iconikair.com einen Online-Shop f\u00fcr Waren. Die nachfolgenden ...\" \/>\n<meta property=\"og:url\" content=\"https:\/\/shop.iconikair.com\/index.php\/agb\/\" \/>\n<meta property=\"og:site_name\" content=\"ICONIKAIR!\u00ae -- PATENTED KOREAN HAIR BRUSH REVOLUTION\" \/>\n<meta property=\"article:publisher\" content=\"https:\/\/www.facebook.com\/ICONIKAIR-103047561126156\/\" \/>\n<meta property=\"article:modified_time\" content=\"2024-01-15T10:12:54+00:00\" \/>\n<meta name=\"twitter:card\" content=\"summary_large_image\" \/>\n<meta name=\"twitter:label1\" content=\"Gesch\u00e4tzte Lesezeit\" \/>\n\t<meta name=\"twitter:data1\" content=\"6\u00a0Minuten\" \/>\n<script type=\"application\/ld+json\" class=\"yoast-schema-graph\">{\"@context\":\"https:\\\/\\\/schema.org\",\"@graph\":[{\"@type\":\"WebPage\",\"@id\":\"https:\\\/\\\/shop.iconikair.com\\\/index.php\\\/agb\\\/\",\"url\":\"https:\\\/\\\/shop.iconikair.com\\\/index.php\\\/agb\\\/\",\"name\":\"AGB - ICONIKAIR!\u00ae - PATENTED KOREAN HAIR BRUSH REVOLUTION\",\"isPartOf\":{\"@id\":\"https:\\\/\\\/shop.iconikair.com\\\/#website\"},\"datePublished\":\"2020-01-15T14:57:39+00:00\",\"dateModified\":\"2024-01-15T10:12:54+00:00\",\"breadcrumb\":{\"@id\":\"https:\\\/\\\/shop.iconikair.com\\\/index.php\\\/agb\\\/#breadcrumb\"},\"inLanguage\":\"de\",\"potentialAction\":[{\"@type\":\"ReadAction\",\"target\":[\"https:\\\/\\\/shop.iconikair.com\\\/index.php\\\/agb\\\/\"]}]},{\"@type\":\"BreadcrumbList\",\"@id\":\"https:\\\/\\\/shop.iconikair.com\\\/index.php\\\/agb\\\/#breadcrumb\",\"itemListElement\":[{\"@type\":\"ListItem\",\"position\":1,\"name\":\"Startseite\",\"item\":\"https:\\\/\\\/shop.iconikair.com\\\/\"},{\"@type\":\"ListItem\",\"position\":2,\"name\":\"AGB\"}]},{\"@type\":\"WebSite\",\"@id\":\"https:\\\/\\\/shop.iconikair.com\\\/#website\",\"url\":\"https:\\\/\\\/shop.iconikair.com\\\/\",\"name\":\"ICONIKAIR!\u00ae\",\"description\":\"Das Original aus S\u00fcdkorea!\",\"publisher\":{\"@id\":\"https:\\\/\\\/shop.iconikair.com\\\/#organization\"},\"potentialAction\":[{\"@type\":\"SearchAction\",\"target\":{\"@type\":\"EntryPoint\",\"urlTemplate\":\"https:\\\/\\\/shop.iconikair.com\\\/?s={search_term_string}\"},\"query-input\":{\"@type\":\"PropertyValueSpecification\",\"valueRequired\":true,\"valueName\":\"search_term_string\"}}],\"inLanguage\":\"de\"},{\"@type\":\"Organization\",\"@id\":\"https:\\\/\\\/shop.iconikair.com\\\/#organization\",\"name\":\"ICONIKAIR!\",\"url\":\"https:\\\/\\\/shop.iconikair.com\\\/\",\"logo\":{\"@type\":\"ImageObject\",\"inLanguage\":\"de\",\"@id\":\"https:\\\/\\\/shop.iconikair.com\\\/#\\\/schema\\\/logo\\\/image\\\/\",\"url\":\"https:\\\/\\\/shop.iconikair.com\\\/wp-content\\\/uploads\\\/2020\\\/01\\\/LOGO-BLACK-jpeg-scaled.jpg\",\"contentUrl\":\"https:\\\/\\\/shop.iconikair.com\\\/wp-content\\\/uploads\\\/2020\\\/01\\\/LOGO-BLACK-jpeg-scaled.jpg\",\"width\":2560,\"height\":685,\"caption\":\"ICONIKAIR!\"},\"image\":{\"@id\":\"https:\\\/\\\/shop.iconikair.com\\\/#\\\/schema\\\/logo\\\/image\\\/\"},\"sameAs\":[\"https:\\\/\\\/www.facebook.com\\\/ICONIKAIR-103047561126156\\\/\",\"https:\\\/\\\/www.instagram.com\\\/iconikair\\\/\"]}]}<\/script>\n<!-- \/ Yoast SEO plugin. -->","yoast_head_json":{"title":"AGB - ICONIKAIR!\u00ae - PATENTED KOREAN HAIR BRUSH REVOLUTION","robots":{"index":"index","follow":"follow","max-snippet":"max-snippet:-1","max-image-preview":"max-image-preview:large","max-video-preview":"max-video-preview:-1"},"canonical":"https:\/\/shop.iconikair.com\/index.php\/agb\/","og_locale":"de_DE","og_type":"article","og_title":"AGB - ICONIKAIR!\u00ae - PATENTED KOREAN HAIR BRUSH REVOLUTION","og_description":"Allgemeine Gesch\u00e4ftsbedingungen \u00a7 1 Geltung, Begriffsdefinitionen (1) NEXTING GmbH, Blumenstra\u00dfe 36, 22301 Hamburg, Deutschland (im Folgenden: \u201ewir\u201c oder \u201eICONIKAIR!\u201c) betreibt unter der Webseite https:\/\/shop.iconikair.com einen Online-Shop f\u00fcr Waren. Die nachfolgenden ...","og_url":"https:\/\/shop.iconikair.com\/index.php\/agb\/","og_site_name":"ICONIKAIR!\u00ae -- PATENTED KOREAN HAIR BRUSH REVOLUTION","article_publisher":"https:\/\/www.facebook.com\/ICONIKAIR-103047561126156\/","article_modified_time":"2024-01-15T10:12:54+00:00","twitter_card":"summary_large_image","twitter_misc":{"Gesch\u00e4tzte Lesezeit":"6\u00a0Minuten"},"schema":{"@context":"https:\/\/schema.org","@graph":[{"@type":"WebPage","@id":"https:\/\/shop.iconikair.com\/index.php\/agb\/","url":"https:\/\/shop.iconikair.com\/index.php\/agb\/","name":"AGB - ICONIKAIR!\u00ae - PATENTED KOREAN HAIR BRUSH REVOLUTION","isPartOf":{"@id":"https:\/\/shop.iconikair.com\/#website"},"datePublished":"2020-01-15T14:57:39+00:00","dateModified":"2024-01-15T10:12:54+00:00","breadcrumb":{"@id":"https:\/\/shop.iconikair.com\/index.php\/agb\/#breadcrumb"},"inLanguage":"de","potentialAction":[{"@type":"ReadAction","target":["https:\/\/shop.iconikair.com\/index.php\/agb\/"]}]},{"@type":"BreadcrumbList","@id":"https:\/\/shop.iconikair.com\/index.php\/agb\/#breadcrumb","itemListElement":[{"@type":"ListItem","position":1,"name":"Startseite","item":"https:\/\/shop.iconikair.com\/"},{"@type":"ListItem","position":2,"name":"AGB"}]},{"@type":"WebSite","@id":"https:\/\/shop.iconikair.com\/#website","url":"https:\/\/shop.iconikair.com\/","name":"ICONIKAIR!\u00ae","description":"Das Original aus S\u00fcdkorea!","publisher":{"@id":"https:\/\/shop.iconikair.com\/#organization"},"potentialAction":[{"@type":"SearchAction","target":{"@type":"EntryPoint","urlTemplate":"https:\/\/shop.iconikair.com\/?s={search_term_string}"},"query-input":{"@type":"PropertyValueSpecification","valueRequired":true,"valueName":"search_term_string"}}],"inLanguage":"de"},{"@type":"Organization","@id":"https:\/\/shop.iconikair.com\/#organization","name":"ICONIKAIR!","url":"https:\/\/shop.iconikair.com\/","logo":{"@type":"ImageObject","inLanguage":"de","@id":"https:\/\/shop.iconikair.com\/#\/schema\/logo\/image\/","url":"https:\/\/shop.iconikair.com\/wp-content\/uploads\/2020\/01\/LOGO-BLACK-jpeg-scaled.jpg","contentUrl":"https:\/\/shop.iconikair.com\/wp-content\/uploads\/2020\/01\/LOGO-BLACK-jpeg-scaled.jpg","width":2560,"height":685,"caption":"ICONIKAIR!"},"image":{"@id":"https:\/\/shop.iconikair.com\/#\/schema\/logo\/image\/"},"sameAs":["https:\/\/www.facebook.com\/ICONIKAIR-103047561126156\/","https:\/\/www.instagram.com\/iconikair\/"]}]}},"_links":{"self":[{"href":"https:\/\/shop.iconikair.com\/index.php\/wp-json\/wp\/v2\/pages\/12","targetHints":{"allow":["GET"]}}],"collection":[{"href":"https:\/\/shop.iconikair.com\/index.php\/wp-json\/wp\/v2\/pages"}],"about":[{"href":"https:\/\/shop.iconikair.com\/index.php\/wp-json\/wp\/v2\/types\/page"}],"author":[{"embeddable":true,"href":"https:\/\/shop.iconikair.com\/index.php\/wp-json\/wp\/v2\/users\/1"}],"replies":[{"embeddable":true,"href":"https:\/\/shop.iconikair.com\/index.php\/wp-json\/wp\/v2\/comments?post=12"}],"version-history":[{"count":4,"href":"https:\/\/shop.iconikair.com\/index.php\/wp-json\/wp\/v2\/pages\/12\/revisions"}],"predecessor-version":[{"id":3096,"href":"https:\/\/shop.iconikair.com\/index.php\/wp-json\/wp\/v2\/pages\/12\/revisions\/3096"}],"wp:attachment":[{"href":"https:\/\/shop.iconikair.com\/index.php\/wp-json\/wp\/v2\/media?parent=12"}],"curies":[{"name":"wp","href":"https:\/\/api.w.org\/{rel}","templated":true}]}}